/3 - u**2/2 - 3*u + 14. Let b be z(-3). Let l(o) = o**3 + 9*o**2 - o - 4. Calculate l(b).
5
Let z(u) = -4*u + 4. Suppose -2*o + o + 27 = 3*b, -o - 4*b = -29. Let n be 5/(175/10) - (-57)/o. Determine z(n).
-8
Let u(g) = 2*g + 26. Let a be u(-10). Let k(s) = s - 1. Determine k(a).
5
Let r(v) = v**2 + v + 2. Suppose 0 = -0*k - 6*k. Suppose -4*g + 6*g = k. What is r(g)?
2
Let r(t) = 3*t**3 + 2*t**2 - 3*t + 1. Suppose 7 = -4*y - 5, 5 = -2*w - 3*y. Calculate r(w).
27
Let r = 777 + -777. Let v(w) = 6*w - 16. Calculate v(r).
-16
Let r(v) be the second derivative of v**3/6 - 3*v**2/2 - 524*v. Give r(-4).
-7
Let h(t) be the first derivative of -t**3/3 - 2*t - 15. Give h(3).
-11
Let q(i) be the first derivative of -i**3/3 - 9*i**2/2 - 19*i + 154. Determine q(-6).
-1
Let b(m) = m**2 + m. Suppose -79*l = -15*l - 384. What is b(l)?
42
Let o(j) = 2*j**2 + 192*j + 0 - 3 - 194*j. Let c(n) = 3*n**2 - 3*n - 4. Let u(z) = 3*c(z) - 4*o(z). What is u(4)?
12
Let t(k) = -k**2 - 3*k + 9. Let c be t(-4). Suppose 0 = 3*p - 14 + 2. Suppose g = -g + c*j - 33, j = -p*g - 11. Let i(f) = -f - 3. Calculate i(g).
1
Let x(a) = -a**3 - 33*a**2 + 35*a + 38. Let p be x(-34). Suppose c = 6 - 1. Suppose r = -4*z - 0*r - 9, -27 = c*z - p*r. Let o(k) = -k + 4. Give o(z).
7
Suppose 4*i = -21 + 269. Let k = i - 39. Suppose -4*s - u = 2*u - k, s - 14 = 2*u. Let f(g) = -g**2 + 8*g - 3. Calculate f(s).
-3
Let l(h) be the third derivative of -h**6/360 - h**5/120 + 5*h**4/12 + 10*h**2. Let o(b) be the second derivative of l(b). What is o(3)?
-7
Let c(n) = -n - 5. Suppose 16 + 60 = 2*j. Let u = 30 - j. Determine c(u).
3
Suppose -5*g = -6 - 9. Let v = -17 + 18. Let u(z) = 3*z + v + 0 + z**2 - 4 - 4*z. Determine u(g).
3
Let q(i) = i**2 - 9*i - 16. Let w be (11/1)/(0 - -1). Let p be q(w). Let m(o) = -8*o + o - 1 + p*o. Give m(-3).
2
Let h(c) = 4 - 3 + 59*c + 1 - 58*c - 1. What is h(-3)?
-2
Let j(a) = 2*a + 2. Let m(w) = 10*w + 24. Let p(r) = -3*r - 8. Let v(c) = 4*m(c) + 11*p(c). Let i(s) = 22*j(s) - 6*v(s). What is i(5)?
6
Let d(o) = -o. Let y = -135 - -145. What is d(y)?
-10
Let v = 331/218 - 2/109. Let h(k) be the second derivative of 0 - 1/12*k**4 + 7*k - 2/3*k**3 - v*k**2. Give h(-4).
-3
Let r(w) = -117*w - 147*w + 257*w + w**2 - 2. Give r(4).
-14
Let p = -59 - -60. Let w(v) = 2*v - 1. What is w(p)?
1
Let i(u) = -232 + 232 + 8*u. Let y(v) = 7*v - 1. Let g(b) = 5*i(b) - 6*y(b). Calculate g(4).
-2
Let l(g) be the second derivative of -1/2*g**3 - g**2 + 4*g + 3. Determine l(-3).
7
Suppose 4*v = -3*t - 162, -2*v - 2*t - 68 - 12 = 0. Let l = -39 - v. Let k(o) = -2*o - 1. What is k(l)?
-7
Let r(q) = -q**2 + 2*q**2 + 17083*q**3 - 2 - 17091*q**3 - 2*q. Calculate r(-1).
9
Let k(t) = 22*t + 20. Let d(y) = -51*y - 41. Let h(p) = 3*d(p) + 7*k(p). What is h(-12)?
5
Let u(t) = -2*t - 4. Suppose 0*c - 5 = c. Let n be u(c). Let d be (0 - (-3)/(-6))*n. Let g(x) = x**2 + x - 1. What is g(d)?
5
Suppose 0 = 5*v + 4*r + 47, 8 + 7 = -3*v + 2*r. Let n be 2/v - (-160)/70. Suppose -7 - 3 = n*t. Let a(f) = f**3 + 6*f**2 + 4*f - 1. Give a(t).
4
Let y(c) = 12*c**2 - 3 - 23*c**2 + 4*c + 10*c**2. What is y(2)?
1
Let j(x) = -107*x**3 + 3*x**2 + 108*x**3 + 2 + 3*x - 1. Let t = -17 - -14. Calculate j(t).
-8
Let s(j) = -3*j + 20. Let f be s(6). Let u(q) = -2*q**2 - 2*q + 9. Let k be u(f). Let x(a) = a - 5*a + 1 + a. Calculate x(k).
10
Suppose -5*w + 25 = -y, -109 = 3*y - 5*w - 74. Let p(d) = -d**3 - 6*d**2 - 7*d. Determine p(y).
10
Let s(o) = -o**2 - 7*o - 7. Let t(b) be the second derivative of 1/20*b**5 + 1/4*b**4 + 3/2*b**2 + 0 - 1/3*b**3 + 8*b. Let k be t(-4). Calculate s(k).
3
Let o(q) = -109 + 98 + 6*q - 9*q. Calculate o(-6).
7
Let n(x) = x + 6. Let w = -227 + 219. Give n(w).
-2
Let t be (7 - 11) + (-9 - 0). Let a(l) = l + 5. Calculate a(t).
-8
Let g = -1 - 15. Let n = 9 + g. Let c(b) = b**3 + 7*b**2 - 1. Calculate c(n).
-1
Let h(z) = z**2 - 9*z - 976. Let m be h(36). Let w(i) be the third derivative of -i**5/60 + i**4/24 + 2*i**3/3 - i**2. Calculate w(m).
-16
Let c = 2 - 2. Let n(r) = 0 + c*r + 0 + r + 2. Suppose 3*w + 3 = -18. Determine n(w).
-5
Let j(r) = -3*r + 36. Let i be j(7). Let y(h) = -h + 15. Give y(i).
0
Let a(w) be the third derivative of -w**5/60 - w**4/12 + 4*w**3/3 - 32*w**2. Give a(4).
-16
Let s(j) = -j**3 + 6 - 8*j - 5*j**2 + 2 - 5*j**2. Suppose 123 = 63*p + 443 + 247. Calculate s(p).
-1
Let c(n) = n**3 - 4*n**2 - 3*n + 3. Let r be (-3)/11 + 665/(-385). Calculate c(r).
-15
Let c(n) be the first derivative of n**4/4 + 2*n**3 - n**2 - 69. Give c(-6).
12
Let w(j) = -83*j + 36*j + 41*j. What is w(6)?
-36
Let j(b) = 5*b**3 + 8*b**2 - 4*b - 4. Let n be (3 + -3 - -5) + -2. Let s(g) = -4*g**3 - 7*g**2 + 3*g + 4. Let m(r) = n*j(r) + 4*s(r). Calculate m(-3).
-5
Let j(q) be the second derivative of q**6/360 - q**5/24 - q**4/4 - 5*q**3/6 + 14*q. Let v(k) be the second derivative of j(k). What is v(7)?
8
Let g(n) be the second derivative of -n**4/12 + n**3/6 + 2*n**2 + n. Let w(q) = -2*q**2 - 11*q + 6. Let v be w(-6). Determine g(v).
4
Let p = -72 - -22. Let s = -45 - p. Let t(w) = -w**3 + 4*w**2 + 4*w - 2. Calculate t(s).
-7
Let m(c) = c**2 - 8*c - 21. Suppose 180 = -29*z + 47*z. What is m(z)?
-1
Let q(f) = -6*f + 3. Let u(g) = g - 12. Let s(c) = c + 2. Let b be s(3). Let j be u(b). Let d(o) = -5*o + 4. Let z(p) = j*d(p) + 6*q(p). What is z(-7)?
-3
Let u = -1 + 3. Let n(y) be the second derivative of 0*y**2 + 0 - 40*y - 1/6*y**3. Give n(u).
-2
Let g(a) = -7*a - 2. Let j(y) = 58*y - 289. Let i be j(5). Determine g(i).
-9
Suppose 0 = 2*h - 5 - 27. Let a(f) = f**3 - 16*f**2 + f - 15. What is a(h)?
1
Let f = 56 - 50. Let q(a) = -f + a**2 + 81*a - 4 - 75*a. Give q(-8).
6
Let z(y) = -y**2 - 4*y - 3. Let c(v) = 2*v**2 + 10*v + 6. Let d(w) = 3*c(w) + 5*z(w). Let b be d(-9). Let m(k) = k**2 + 4*k - 5. Give m(b).
7
Let l(c) = -18*c + 1. Let k(s) = 2*s**2 - 6*s. Let i be k(4). Suppose 0 = 11*f - i*f - 3. Give l(f).
-17
Let l(b) = 5 + 5*b**2 + 3*b + 2*b - 74*b**3 + 73*b**3 + 0*b. What is l(6)?
-1
Let d(l) = 2*l**2 + 3*l - 4. Let t be 6 - (0 - 15/5). Let b = t + -12. What is d(b)?
5
Let z(k) = -10*k - 2 + 0*k - 25*k**2 + 26*k**2 + 11. Calculate z(9).
0
Suppose o = -5*d + 14, 18 = 3*d - 0*d + 3*o. Let v(f) = -f + 6. Let b be v(0). Let g(u) = -b*u - 8 + 4 + u**2 - d*u**2. Give g(-6).
-4
Suppose -w - 10 = -6*w. Let t(p) be the first derivative of -4*p**2 - 5 + 5*p**w + 11*p - 4*p. Calculate t(-6).
-5
Let f(u) = -u**2 + 11*u + 154. Let k be f(-8). Let m(g) = -g**3 - g**2 - 4*g + 3. What is m(k)?
-17
Let q(r) = 2*r. Let a = -13 - -19. What is q(a)?
12
Let t(o) = o**2 - 4. Suppose 3*h - 5 = -5*s, h + 4*h - 2 = -2*s. Suppose 3*x - 4*g - 25 = h, -x - 3*g - 3 = 6. Give t(x).
5
Let v(l) = 5*l**2 - 19*l - 5. Let q(n) = 9*n**2 - 33*n - 9. Let b(h) = -4*q(h) + 7*v(h). Determine b(2).
-5
Let x(b) = 6*b - 50. Let k be x(8). Let u be (10 + -11)/((-2)/k). Let p(y) = 3*y. What is p(u)?
-3
Let y(v) = -2*v + 1. Let a(z) be the third derivative of z**3/6 - 19*z**2. Let d(c) = 3*a(c) + y(c). Let u(p) = -3*p - 3. Let m be u(-2). What is d(m)?
-2
Let t(q) be the third derivative of 17*q**2 - 2/3*q**3 + 7/24*q**4 + 0 + 0*q - 1/60*q**5. Determine t(6).
2
Let b(r) = -r**2 + 3*r + 3. Let o = -160 - -240. Let x = o - 77. What is b(x)?
3
Let d(c) be the first derivative of c**4/2 - 5*c**3 + 7*c**2/2 + 11*c - 224. Calculate d(7).
11
Suppose -7*w + 4*w = -12. Let h(k) be the first derivative of -3 - 1/2*k**2 - w*k. What is h(-4)?
0
Let t(f) = -f**3 + 6*f**2 - 8*f - 8. Let r(j) = -2*j**3 + 13*j**2 - 17*j - 16. Let n(l) = -3*r(l) + 5*t(l). Give n(7).
-13
Let v = 39 + -22. Let w be -8 + 1/(-3)*3. Let b = w + v. Let a(g) = -g**2 + 8*g - 4. Determine a(b).
-4
Let i(t) = 4*t**2 + 168*t + 2. Let p be i(-42). Let a(o) = 6*o - 5. What is a(p)?
7
Let l(t) = -t - 22. Suppose -117 = 167*j - 154*j. What is l(j)?
-13
Let y(k) be the first derivative of -k**4/4 + 7*k**3/3 - 3*k**2/2 - 5*k - 90. Calculate y(6).
13
Let t(v) = -112*v + 49. Let h(m) = -7*m + 3. Suppose -13 - 17 = 5*y. Let z(o) = y*t(o) + 98*h(o). Calculate z(-1).
14
Suppose 0 = -m - 3*w - 4, -w - 8 = -5*m - 2*w. Let h(j) = -7 + 2*j**m + 1 + 2*j**2 - 11*j - 5*j**2. Give h(-11).
-6
Let w(v) = -3*v**2 + 5 + v - 3*v**2 + 11*v**2 - 4*v**2 - 2*v**2. Calculate w(3).
-1
Let u = 1441 + -1446. Let g(o) be the sec